 is -20 (base 4) in base 15?
-8
What is 21 (base 6) in base 13?
10
1c5 (base 13) to base 11
280
Convert -f (base 16) to base 12.
-13
Convert 111 (base 5) to base 7.
43
What is -46 (base 15) in base 2?
-1000010
42 (base 5) to base 11
20
-2 (base 11) to base 2
-10
What is 125 (base 6) in base 11?
49
What is -21 (base 6) in base 16?
-d
Convert a2 (base 15) to base 6.
412
-3 (base 10) to base 7
-3
Convert -82 (base 11) to base 10.
-90
Convert 2 (base 8) to base 6.
2
3 (base 9) to base 7
3
1011 (base 2) to base 13
b
Convert -8 (base 12) to base 14.
-8
-6 (base 9) to base 13
-6
Convert 10 (base 6) to base 9.
6
Convert e2 (base 16) to base 10.
226
Convert 9 (base 14) to base 10.
9
-63 (base 11) to base 5
-234
Convert 10 (base 13) to base 3.
111
307 (base 10) to base 16
133
Convert 565 (base 7) to base 12.
204
dc (base 16) to base 15
ea
-13 (base 4) to base 10
-7
10101 (base 3) to base 14
67
What is 240 (base 5) in base 12?
5a
135 (base 9) to base 8
161
What is 11 (base 15) in base 14?
12
-11 (base 7) to base 9
-8
Convert 103 (base 14) to base 7.
403
Convert 37 (base 14) to base 9.
54
Convert -1010 (base 3) to base 8.
-36
3 (base 4) to base 15
3
What is -220 (base 7) in base 14?
-80
3 (base 13) to base 15
3
Convert -2 (base 10) to base 15.
-2
-23 (base 5) to base 6
-21
-2 (base 7) to base 3
-2
Convert -70 (base 15) to base 16.
-69
Convert -35 (base 8) to base 3.
-1002
What is -100 (base 4) in base 2?
-10000
-13 (base 5) to base 3
-22
Convert -63 (base 9) to base 16.
-39
0 (base 6) to base 12
0
What is -1011 (base 2) in base 8?
-13
Convert -1 (base 3) to base 14.
-1
0 (base 13) to base 11
0
-111 (base 3) to base 7
-16
Convert 177 (base 9) to base 15.
a1
What is -166 (base 7) in base 14?
-6d
-2111 (base 4) to base 12
-105
Convert 9 (base 15) to base 6.
13
Convert 2 (base 16) to base 7.
2
164 (base 9) to base 12
b7
2 (base 3) to base 11
2
426 (base 9) to base 12
250
Convert -94 (base 11) to base 5.
-403
Convert -4 (base 16) to base 14.
-4
-7 (base 16) to base 7
-10
-202 (base 11) to base 6
-1044
59 (base 11) to base 9
71
Convert -1144 (base 5) to base 2.
-10101110
Convert 41 (base 16) to base 15.
45
What is 0 (base 16) in base 3?
0
What is 2 (base 9) in base 13?
2
Convert -4 (base 5) to base 4.
-10
103 (base 5) to base 2
11100
What is 2 (base 14) in base 11?
2
3 (base 5) to base 8
3
36 (base 14) to base 11
44
-10 (base 16) to base 14
-12
Convert -6 (base 15) to base 12.
-6
What is -45 (base 15) in base 12?
-55
-161 (base 12) to base 8
-331
Convert 1 (base 8) to base 16.
1
Convert 3 (base 6) to base 15.
3
24 (base 8) to base 12
18
Convert -27 (base 14) to base 8.
-43
Convert -132 (base 15) to base 6.
-1132
-2 (base 3) to base 14
-2
Convert -2 (base 13) to base 2.
-10
Convert 10 (base 10) to base 14.
a
Convert 1011 (base 2) to base 5.
21
-2102 (base 3) to base 15
-45
What is -5 (base 6) in base 10?
-5
Convert 1213 (base 4) to base 7.
205
6 (base 12) to base 3
20
20 (base 3) to base 16
6
What is -11 (base 2) in base 13?
-3
Convert 40 (base 12) to base 5.
143
Convert -3023 (base 4) to base 3.
-21112
-125 (base 6) to base 11
-49
1b (base 16) to base 2
11011
What is 10 (base 7) in base 12?
7
What is -23 (base 8) in base 16?
-13
What is 6 (base 11) in base 4?
12
-10 (base 9) to base 6
-13
27 (base 11) to base 7
41
Convert -7 (base 11) to base 16.
-7
3 (base 11) to base 10
3
0 (base 16) to base 10
0
Convert 12 (base 16) to base 2.
10010
Convert 3 (base 16) to base 7.
3
What is 3 (base 9) in base 13?
3
What is 1 (base 15) in base 7?
1
Convert -9 (base 13) to base 2.
-1001
Convert 3a (base 11) to base 14.
31
What is -8 (base 15) in base 10?
-8
-200 (base 3) to base 5
-33
Convert 227 (base 9) to base 13.
115
11 (base 5) to base 8
6
10 (base 5) to base 12
5
-23 (base 8) to base 4
-103
Convert -13 (base 8) to base 10.
-11
Convert 13 (base 7) to base 10.
10
Convert -43 (base 5) to base 12.
-1b
What is -78 (base 12) in base 3?
-10102
What is -1303 (base 4) in base 9?
-137
102 (base 3) to base 15
b
What is 10 (base 4) in base 5?
4
Convert -24 (base 14) to base 10.
-32
What is 8 (base 16) in base 7?
11
16 (base 8) to base 9
15
a (base 14) to base 10
10
What is -55 (base 8) in base 12?
-39
-4 (base 8) to base 12
-4
What is -113 (base 6) in base 12?
-39
Convert -23 (base 12) to base 2.
-11011
What is -4 (base 14) in base 2?
-100
Convert -71 (base 14) to base 9.
-120
7 (base 11) to base 15
7
What is 104 (base 7) in base 16?
35
What is 1 (base 15) in base 14?
1
What is -19a (base 11) in base 16?
-e6
Convert -2 (base 6) to base 16.
-2
What is -3 (base 6) in base 4?
-3
What is 12 (base 15) in base 11?
16
7 (base 9) to base 11
7
What is -2 (base 14) in base 9?
-2
36 (base 9) to base 16
21
What is 71 (base 9) in base 2?
1000000
Convert 101000 (base 2) to base 13.
31
Convert -21 (base 6) to base 14.
-d
What is 131 (base 4) in base 11?
27
31 (base 4) to base 6
21
110 (base 2) to base 16
6
What is 4 (base 5) in base 2?
100
What is -32 (base 6) in base 4?
-110
What is -2 (base 14) in base 8?
-2
What is 10 (base 9) in base 11?
9
1 (base 10) to base 12
1
Convert -101 (base 3) to base 12.
-a
What is -1 (base 10) in base 7?
-1
Convert -70 (base 15) to base 3.
-10220
What is 26 (base 16) in base 11?
35
What is 5 (base 12) in base 8?
5
What is 21011 (base 3) in base 13?
11b
Convert 120 (base 8) to base 6.
212
Convert -3 (base 13) to base 10.
-3
What is 134 (base 5) in base 15?
2e
Convert 33 (base 7) to base 8.
30
What is 3 (base 6) in base 3?
10
Convert 210 (base 7) to base 10.
105
Convert 68 (base 16) to base 14.
76
What is -4 (base 10) in base 5?
-4
What is 30 (base 6) in base 7?
24
What is 24 (base 10) in base 9?
26
-40 (base 15) to base 7
-114
-5 (base 11) to base 16
-5
-6 (base 16) to base 2
-110
Convert 1 (base 12) to base 6.
1
Convert -50 (base 7) to base 6.
-55
43 (base 7) to base 6
51
What is -b (base 14) in base 5?
-21
11 (base 5) to base 15
6
Convert -29 (base 16) to base 12.
-35
4 (base 7) to base 14
4
Convert 2c (base 13) to base 15.
28
What is 12 (base 8) in base 9?
11
What is 2 (base 3) in base 9?
2
What is 61 (base 10) in base 5?
221
Convert 7 (base 16) to base 6.
11
Convert 0 (base 4) to base 15.
0
Convert -12 (base 12) to base 3.
-112
150 (base 11) to base 10
176
6 (base 14) to base 11
6
Convert -10 (base 7) to base 9.
-7
Convert 6 (base 15) to base 14.
6
Convert 12 (base 4) to base 12.
6
Convert 9 (base 14) to base 15.
9
-11 (base 2) to base 9
-3
Convert -100 (base 3) to base 16.
-9
-410 (base 5) to base 3
-10220
What is 2 (base 11) in base 16?
2
What is 101 (base 2) in base 6?
5
Convert 12 (base 4) to base 8.
6
Convert 7 (base 8) to base 11.
7
Convert 1020 (base 4) to base 13.
57
What is 10223 (base 4) in base 3?
102002
What is -3 (base 14) in base 11?
-3
What is 52 (base 9) in base 3?
1202
What is 2 (base 15) in base 13?
2
1221 (base 4) to base 5
410
2 (base 10) to base 2
10
Convert 10 (base 12) to base 14.
c
Convert -1 (base 2) to base 4.
-1
Convert -16 (base 7) to base 14.
-d
Convert -1101 (base 2) to base 3.
-111
111 (base 10) to base 7
216
What is -333 (base 4) in base 11?
-58
Convert -170 (base 14) to base 5.
-2134
Convert -6a (base 16) to base 3.
-10221
What is -25 (base 12) in base 15?
-1e
0 (base 9) to base 12
0
What is -1222 (base 4) in base 8?
-152
What is 7 (base 11) in base 15?
7
What is -103 (base 5) in base 7?
-40
-10 (base 7) to base 3
-21
What is -11 (base 8) in base 10?
-9
4 (base 14) to base 11
4
11 (base 2) to base 8
3
Convert -13 (base 9) to base 6.
-20
-2 (base 15) to base 3
-2
What is 2 (base 15) in base 6?
2
Convert 24 (base 7) to base 5.
33
7b (base 15) to base 8
164
113 (base 4) to base 14
19
Convert 1 (base 2) to base 14.
1
Convert 1 (base 3) to base 6.
1
Convert 5 (base 11) to base 7.
5
2 (base 3) to base 11
2
Convert 4 (base 8) to base 11.
4
Convert -b3 (base 14) to base 13.
-c1
Convert 0 (base 16) to base 15.
0
Convert 6 (base 10) to base 9.
6
Convert -14 (base 5) to base 7.
-12
Convert 9b (base 12) to base 3.
11102
What is -3 (base 10) in base 4?
-3
10 (base 15) to base 11
14
What is 23 (base 10) in base 9?
25
-1 (base 9) to base 5
-1
120 (base 3) to base 16
f
What is 40 (base 15) in base 10?
60
27 (base 15) to base 5
122
What is -8 (base 10) in base 9?
-8
What is 7 (base 10) in base 14?
7
What is 21 (base 3) in base 10?
7
What is 11